-4*j + 32 - 0. What is the units digit of f(j)?
9
Let z = 7 + -10. Suppose -35*o = -36*o - 9. Let j = z - o. What is the units digit of j?
6
Suppose -6*y = -y - 20. Suppose f - y*f - 3*z + 96 = 0, 4*z = -5*f + 158. What is the tens digit of f?
3
Let d(o) = 12 + 2 + 1 - o - 4. What is the units digit of d(0)?
1
Let a be (14 - 7) + 0 + 0. Suppose 2*b - 15 = -3*b. Let k = b + a. What is the tens digit of k?
1
Let s = -40 + 83. What is the units digit of s?
3
Suppose -3*p = -t - t - 1, -4*t + p - 17 = 0. Let a(g) = g - 12. Let u be a(0). Let q = t - u. What is the units digit of q?
7
Let r(v) = -v + 7. What is the units digit of r(-5)?
2
Suppose 2*s - 7*s = -100. What is the tens digit of s?
2
Suppose 2*a = -a + 42. What is the tens digit of a?
1
Suppose g = 2*x, 3*g - x = -3*x + 16. Suppose -111 = -5*d - 4*s, -5*d + g*s - 43 = -162. What is the tens digit of d?
2
Suppose -3*y - 44 = 7. Let d = y - -33. What is the tens digit of d?
1
Let j = 8 + 2. What is the units digit of j - (1 + -1 + 1)?
9
Let h = 30 - 1. What is the units digit of h?
9
Let v(n) = 6*n**2 - 4 - n**3 + 2*n - 7*n**2 + 3. What is the units digit of v(-3)?
1
Suppose 0 = 3*g - 8*g - 110. What is the units digit of (g - -1 - -2)*-1?
9
What is the hundreds digit of -121*(-3)/(-6)*(6 + -8)?
1
Let y = -307 - -519. What is the hundreds digit of y?
2
Let v(h) = h**3 - 2*h**2 + 18*h - 21. What is the hundreds digit of v(6)?
2
Suppose -3*n + 4 = -5. Suppose 0*y - y - 2*h + 2 = 0, n*h - 17 = -5*y. Suppose 5*d - y*l - 15 = 0, -4*d - 2*l = -0*l - 12. What is the units digit of d?
3
Let y(h) = h - 9. Let i be y(9). Suppose i = -5*n - 4*w + 190, n + 2*w = -3*n + 146. What is the tens digit of n?
3
Let w(n) = 5*n**2 - 6*n + 4. Let x be w(4). Suppose -4*o + o + x = 0. What is the units digit of o?
0
Suppose 13*p - 2292 = p. What is the hundreds digit of p?
1
Let j = -13 - -6. Let p be (-1)/((0 - -3)/(-72)). Let h = p + j. What is the tens digit of h?
1
Let r(n) = 18*n - 1. Suppose 1 = -3*y + 4. What is the units digit of r(y)?
7
Let s = -1 + 0. Let u be 0 - 1*2*s. Let x(j) = j + 2. What is the units digit of x(u)?
4
Let d be (2/4)/(2/(-4)). Let i be (-1)/d + (-5)/1. What is the units digit of (14/i)/((-1)/2)?
7
Suppose -4*p + 0*p - 4*m + 132 = 0, 5*p + 2*m = 156. What is the units digit of p?
0
Suppose -3*h + 30 = 3*s - 180, 0 = -4*s + h + 290. What is the units digit of s?
2
Let x = 335 + -6. What is the hundreds digit of x?
3
Let d = 36 - 2. What is the tens digit of d?
3
Suppose m = -3*r - 10 + 4, 4*m = 5*r + 10. Suppose m = -s - 2*o + 14, -s - 3*s + 86 = 2*o. What is the units digit of s?
4
Suppose 4*c - 2 - 14 = 0. Suppose 0 = 2*k - c - 0. What is the units digit of (1*4*4)/k?
8
Suppose 2*l + 5*o = -2*l + 538, -2*l = 3*o - 268. What is the tens digit of l?
3
Let y = 27 - 12. Suppose 0 = i - 4*i + y. Suppose -14 = 2*j - 3*j - i*u, 0 = 2*j + 3*u - 14. What is the units digit of j?
4
Let x be 1/2 - 44/(-8). Let l be (-6)/9 - (-16)/x. Suppose -2*h + 14 = -l*w, -3*w + 8*w + 10 = 0. What is the units digit of h?
5
What is the units digit of 657/(-3)*(6/9)/(-2)?
3
Suppose 4*o = 2*j - 39 + 169, 4*j - 112 = -4*o. What is the tens digit of o?
3
Let i be (-6)/2 + 0 + -1. Suppose 0 = -4*j + j - 3. Let z = j - i. What is the units digit of z?
3
Let l = -41 - -39. Let m be (-42)/4 - 2/4. What is the tens digit of (m/l)/((-1)/(-2))?
1
Suppose -d - 2*d - 18 = 0. Let z(q) = -6*q - 3. Let k(c) = 13*c + 7. Let i(b) = 3*k(b) + 7*z(b). What is the tens digit of i(d)?
1
Let a be ((-15)/4)/(1/4). What is the units digit of (-9)/a - (-335)/25?
4
Let i(z) = -3*z + 1. Let b be (-2 - 0)/(2 + 0). Let c be i(b). Suppose -51 + 11 = -c*x. What is the tens digit of x?
1
Let o = -8 - -7. What is the units digit of o - -1 - 0 - -18?
8
Let b be (2 - 7)/((-2)/4). Let k = b - 7. What is the units digit of k?
3
Let a = 1 + -1. Suppose a*g = g. Suppose 3 = -g*u + u. What is the units digit of u?
3
Suppose -2*j - 4*y + 110 = 38, -3*y - 126 = -3*j. What is the units digit of j?
0
Let x(a) = -a**2 + 9*a + 13. Let q = 6 - 1. Suppose 33 + 12 = q*m. What is the units digit of x(m)?
3
Suppose 2*f = -d + 37, 5*d = -9 - 6. What is the units digit of -1 - (-1)/(2/f)?
9
Suppose -175 = -5*h - 5*c, -3*h = 4*c + 21 - 129. What is the units digit of ((-9)/6)/((-6)/h)?
8
Let f(n) = 68*n + 1. What is the hundreds digit of f(2)?
1
What is the tens digit of 1048/56 + (-4)/(-14)?
1
Suppose 0 = -2*z + 5*r + 479, -3*z - 2*r = -299 - 391. What is the tens digit of z?
3
Suppose -2 = -4*q + 6. Suppose -q*t - 11 = -3*a, -a + 3 = 2*t - 3*t. What is the units digit of t?
2
Let b(m) = -2*m - 3. Let a be b(9). Let z = 13 - a. Suppose 5*p - 96 = -0*p - 3*d, 2*p - z = d. What is the units digit of p?
8
Suppose d - 12 = 4*d, 0 = 5*r + 4*d - 914. What is the tens digit of r?
8
What is the units digit of (8/(-4) - -14) + -2?
0
Let b(i) = i**2 - 2*i + 2. Let p be b(2). Suppose 5*m = 5*h - 225, -h = p*h + 5*m - 103. What is the units digit of h?
1
Suppose -h = 0, 5*a - 2*h - 5 - 5 = 0. Suppose -3*i = 2*j - 0*j, 3*i + 24 = a*j. What is the units digit of j?
6
Let x(j) be the second derivative of j**3/6 - j. What is the units digit of x(2)?
2
Suppose -96 = 3*b - 6*b. What is the tens digit of b?
3
Let v be 0/(3 + 3/(-3)). Suppose -3*s - 2*s + 80 = v. What is the units digit of s?
6
Let a = 13 + 9. What is the tens digit of a?
2
Let o(a) = 2*a - 10. Let s be o(9). Let b = s + 29. What is the tens digit of b?
3
Let s = -14 - -8. Let y = 10 + s. Suppose y*k = -0*k + 28. What is the units digit of k?
7
Let z be (-6)/(1 - (-9)/(-3)). Suppose 2*q + 4*i + 14 = 0, 2*q - 2 = -z*i - 18. Let v = q + 19. What is the units digit of v?
8
Let h = 12 - 20. Let v(k) = k**2 + 4 + 8*k + 6 + 2. What is the units digit of v(h)?
2
Suppose -3*c - 2*n + 11 = 0, -3*n - 12 = -6*n. What is the units digit of (c + -10 + -3)/(-2)?
6
Let t be 20/(-8)*(-18)/5. Let h = 16 - t. What is the units digit of h?
7
Suppose -2*l + 21 = l. Let p = l + -2. What is the units digit of p?
5
Suppose 4*f - 2*f = 94. What is the tens digit of f?
4
Let l(t) be the third derivative of -t**4/12 - 7*t**3/6 + 2*t**2. Let v be (-7 + 14)*6/(-7). What is the units digit of l(v)?
5
Let k(w) = -w. Let i be k(-2). Let r(f) = -3 + 17 + f - i*f. What is the units digit of r(6)?
8
What is the hundreds digit of (18 + -11)/((-2)/(-48))?
1
Let w be 1/(-3) + (-5)/(-15). Suppose w*o + 116 = 4*o. What is the units digit of o?
9
Suppose w - 5 = 2*w - 3*l, -3*l = -9. Let o = w - 7. Let u = o - -4. What is the units digit of u?
1
Let b(l) = l**2 - 7*l - 12. Let q be b(9). Suppose 6 = -2*f - q. Let g = 13 + f. What is the units digit of g?
7
Suppose -2*i + 12 + 6 = 0. Let h = i + 3. What is the units digit of h?
2
Suppose 504 = 4*y + 4*l, -2*l - 4 = -0. Suppose -2*k = 2*k - y. What is the units digit of k?
2
Suppose h + 7 = 4*l, -l + 6 + 7 = 2*h. Suppose 0 = t + 7*t - 40. Suppose -47 = -t*o - l*p, 2*o + p = 3*p + 6. What is the units digit of o?
7
Let k(s) = s**2 + 7*s - 19. What is the tens digit of k(-20)?
4
What is the units digit of (435 - 9)*3/6?
3
Let n be ((-4)/(-3))/(2/(-36)). What is the tens digit of 224/10 + n/60?
2
Let g = 49 + -21. What is the units digit of g?
8
Let s(l) = -l + 2. Suppose 3*y - 4*y = 2. What is the units digit of s(y)?
4
Let n = 23 - 0. Let h = -13 + n. What is the tens digit of h?
1
Let t = -56 + 83. Suppose -5*g - 6 = -1, 2*p - 3*g - t = 0. What is the tens digit of p?
1
Let r(n) = 38*n**2 + 3*n + 2. Let w be -9 + 13 - (1 - -4). What is the units digit of r(w)?
7
What is the tens digit of ((80/(-12))/(-4))/(1/27)?
4
Let t = -26 - -92. What is the tens digit of t?
6
Let r(i) = 11*i**2 - i. What is the units digit of r(1)?
0
Let f(y) = -y**3 - 6*y**2 - y - 2. Let u be f(-6). Let v(l) = -4*l**3 + 4 - 3*l**2 + u*l**3 + l**3 - 3. What is the tens digit of v(4)?
1
Let d = 5 + -2. Suppose d*z - 3 - 6 = 0. What is the units digit of z?
3
Let k be 38/6 - (-4)/(-12). Let t = -11 + k. Let p(y) = -y**3 - 4*y**2 + 2*y. What is the units digit of p(t)?
5
Let c = 0 - -2. Suppose -c*q - 2*q = -76. What is the units digit of q?
9
Let c be ((-18)/12)/(6/(-32)). Suppose -5*v = -q + 17, -3*q + 5*v + 39 = c. Let p = 14 - q. What is the units digit of p?
7
Suppose -2*o + 0*o + 10 = 0. Suppose -4*v + 1 = j + 4, -4*v - o*j =